{"id":4469,"date":"2025-10-21T19:01:31","date_gmt":"2025-10-21T17:01:31","guid":{"rendered":"https:\/\/muspot.art\/?post_type=product&#038;p=4469"},"modified":"2025-10-21T20:54:31","modified_gmt":"2025-10-21T18:54:31","slug":"zaswiec-niesiadzu-zuzanna-koziej","status":"publish","type":"product","link":"https:\/\/muspot.art\/en\/product\/zaswiec-niesiadzu-zuzanna-koziej\/","title":{"rendered":"Za\u015bwie\u0107 niesi\u0105dzu &#8211; Zuzanna Koziej"},"content":{"rendered":"<p><em>Za\u015bwie\u0107 niesi\u0105dzu <\/em>to polska pie\u015b\u0144 ludowa pochodz\u0105ca z Kurpi\u00f3w w opracowaniu Zuzanny Koziej.<\/p>\n<p>Przeznaczona na 4-g\u0142osowy ch\u00f3r \u017ce\u0144ski, z divisi do 5 g\u0142os\u00f3w.<\/p>\n<p>Czas trwania: 3&#8242;-4&#8242;<\/p>\n<p><iframe title=\"Spotify Embed: Za\u015bwie\u0107 niesi\u0105dzu\" style=\"border-radius: 12px\" width=\"100%\" height=\"152\" frameborder=\"0\" allowfullscreen allow=\"autoplay; clipboard-write; encrypted-media; fullscreen; picture-in-picture\" loading=\"lazy\" src=\"https:\/\/open.spotify.com\/embed\/track\/2YRAqSweE8oavftn8lx5Vi?si=f3306076460c4865&#038;utm_source=oembed\"><\/iframe><\/p>","protected":false},"excerpt":{"rendered":"<p>Za\u015bwie\u0107 niesi\u0105dzu to polska pie\u015b\u0144 ludowa pochodz\u0105ca z Kurpi\u00f3w w opracowaniu Zuzanny Koziej. Przeznaczona na 4-g\u0142osowy ch\u00f3r \u017ce\u0144ski, z divisi do 5 g\u0142os\u00f3w. Czas trwania: 3&#8242;-4&#8242;<\/p>","protected":false},"featured_media":4471,"template":"","meta":{"_eb_attr":"","_crdt_document":"","advanced_seo_description":"","jetpack_seo_html_title":"","jetpack_seo_noindex":false,"_EventAllDay":false,"_EventTimezone":"","_EventStartDate":"","_EventEndDate":"","_EventStartDateUTC":"","_EventEndDateUTC":"","_EventShowMap":false,"_EventShowMapLink":false,"_EventURL":"","_EventCost":"","_EventCostDescription":"","_EventCurrencySymbol":"","_EventCurrencyCode":"","_EventCurrencyPosition":"","_EventDateTimeSeparator":"","_EventTimeRangeSeparator":"","_EventOrganizerID":[],"_EventVenueID":[],"_OrganizerEmail":"","_OrganizerPhone":"","_OrganizerWebsite":"","_VenueAddress":"","_VenueCity":"","_VenueCountry":"","_VenueProvince":"","_VenueState":"","_VenueZip":"","_VenuePhone":"","_VenueURL":"","_VenueStateProvince":"","_VenueLat":"","_VenueLng":"","_VenueShowMap":false,"_VenueShowMapLink":false,"_themeisle_gutenberg_block_has_review":false,"jetpack_publicize_message":"","jetpack_publicize_feature_enabled":true,"jetpack_social_post_already_shared":true,"jetpack_social_options":{"image_generator_settings":{"template":"highway","default_image_id":0,"font":"","enabled":false},"version":2},"_wpas_customize_per_network":false},"product_brand":[],"product_cat":[14810,14825],"product_tag":[15053,15041,15061,15054,15057,15123,15190],"class_list":{"0":"post-4469","1":"product","2":"type-product","3":"status-publish","4":"has-post-thumbnail","6":"product_cat-chor-zenski","7":"product_cat-zuzanna-koziej","8":"product_tag-folk","9":"product_tag-ksiezyc","10":"product_tag-kurpie","11":"product_tag-ludowy","12":"product_tag-milosc","13":"product_tag-noc","14":"product_tag-pole","15":"pa_czastrwania-1-3","16":"pa_glosy-ssaa","17":"pa_glosy-sssaa","18":"pa_jezyk-pl","19":"pa_kompozytor-zuzanna-koziej","20":"pa_obsada-acappella","21":"pa_rok-14869","22":"pa_sklad-chorzenski","23":"pa_strony-14928","24":"pa_styl-muzyka-ludowa","26":"first","27":"instock","28":"downloadable","29":"virtual","30":"purchasable","31":"product-type-simple"},"jetpack_publicize_connections":[],"jetpack_likes_enabled":true,"jetpack_sharing_enabled":true,"jetpack-related-posts":[{"id":4134,"url":"https:\/\/muspot.art\/en\/product\/5-piesni-ludowych-ssaa-zuzanna-koziej\/","url_meta":{"origin":4469,"position":0},"title":"5 polskich pie\u015bni ludowych na ch\u00f3r \u017ce\u0144ski &#8211; Zuzanna Koziej","author":"MUSPOT","date":"23 September 2025","format":false,"excerpt":"5 polskich pie\u015bni ludowych to zbi\u00f3r 5 pie\u015bni na ch\u00f3r \u017ce\u0144ski w opracowaniu Zuzanny Koziej. Przeznaczone na 4 g\u0142osy. Ko\u0142ysz\u017ce si\u0119, ko\u0142ysz Pozic mamo raz Matulu moja Za\u015bwie\u0107 niesi\u0105dzu (divisi do 5 g\u0142os\u00f3w) Oj lulaj, lulaj (z g\u0142osem bia\u0142ym solo) \u00a0 \u00a0","rel":"","context":"Similar post","block_context":{"text":"Similar post","link":""},"img":{"alt_text":"","src":"https:\/\/i0.wp.com\/muspot.art\/wp-content\/uploads\/2025\/09\/Okl_Ludowe_page-0001.jpg?fit=849%2C1200&ssl=1&resize=350%2C200","width":350,"height":200,"srcset":"https:\/\/i0.wp.com\/muspot.art\/wp-content\/uploads\/2025\/09\/Okl_Ludowe_page-0001.jpg?fit=849%2C1200&ssl=1&resize=350%2C200 1x, https:\/\/i0.wp.com\/muspot.art\/wp-content\/uploads\/2025\/09\/Okl_Ludowe_page-0001.jpg?fit=849%2C1200&ssl=1&resize=525%2C300 1.5x, https:\/\/i0.wp.com\/muspot.art\/wp-content\/uploads\/2025\/09\/Okl_Ludowe_page-0001.jpg?fit=849%2C1200&ssl=1&resize=700%2C400 2x"},"classes":[]},{"id":2836,"url":"https:\/\/muspot.art\/en\/product\/matulu-moja-zuzanna-koziej\/","url_meta":{"origin":4469,"position":1},"title":"Matulu moja &#8211; Zuzanna Koziej","author":"MUSPOT","date":"3 May 2025","format":false,"excerpt":"\"Matulu moja\" to polska pie\u015b\u0144 ludowa, pochodz\u0105ca z regionu Kurpi\u00f3w, w opracowaniu Zuzanny Koziej. Przeznaczona na 4-g\u0142osowy ch\u00f3r \u017ce\u0144ski, m\u0119ski lub mieszany. Utw\u00f3r jest \u017cywio\u0142owy, rytmiczny, o nak\u0142adaj\u0105cych si\u0119 rytmach dwu- i tr\u00f3jdzielnych. Czas trwania: 2' Mo\u017ce zosta\u0107 wykonany w cyklu z innymi opracowaniami: \u2022 Pozic mamo raz (Kurpie), Ko\u0142ysz\u017ce\u2026","rel":"","context":"Similar post","block_context":{"text":"Similar post","link":""},"img":{"alt_text":"","src":"https:\/\/i0.wp.com\/muspot.art\/wp-content\/uploads\/2025\/05\/Matulu-moja-Zuzanna-Koziej-SSAA-WM_page-0001.jpg?fit=849%2C1200&ssl=1&resize=350%2C200","width":350,"height":200,"srcset":"https:\/\/i0.wp.com\/muspot.art\/wp-content\/uploads\/2025\/05\/Matulu-moja-Zuzanna-Koziej-SSAA-WM_page-0001.jpg?fit=849%2C1200&ssl=1&resize=350%2C200 1x, https:\/\/i0.wp.com\/muspot.art\/wp-content\/uploads\/2025\/05\/Matulu-moja-Zuzanna-Koziej-SSAA-WM_page-0001.jpg?fit=849%2C1200&ssl=1&resize=525%2C300 1.5x, https:\/\/i0.wp.com\/muspot.art\/wp-content\/uploads\/2025\/05\/Matulu-moja-Zuzanna-Koziej-SSAA-WM_page-0001.jpg?fit=849%2C1200&ssl=1&resize=700%2C400 2x"},"classes":[]},{"id":4446,"url":"https:\/\/muspot.art\/en\/product\/oj-lulaj-lulaj-zuzanna-koziej\/","url_meta":{"origin":4469,"position":2},"title":"Oj lulaj, lulaj &#8211; Zuzanna Koziej","author":"MUSPOT","date":"21 October 2025","format":false,"excerpt":"Oj lulaj, lulaj to polska pie\u015b\u0144 ludowa, pochodz\u0105ca z Zamojszczyzny, w opracowaniu Zuzanny Koziej. Przeznaczona na 4-g\u0142osowy ch\u00f3r \u017ce\u0144ski z solowym g\u0142osem bia\u0142ym. Czas trwania: 3'","rel":"","context":"Similar post","block_context":{"text":"Similar post","link":""},"img":{"alt_text":"","src":"https:\/\/i0.wp.com\/muspot.art\/wp-content\/uploads\/2025\/10\/Oj-lulaj-01.webp?fit=849%2C1200&ssl=1&resize=350%2C200","width":350,"height":200,"srcset":"https:\/\/i0.wp.com\/muspot.art\/wp-content\/uploads\/2025\/10\/Oj-lulaj-01.webp?fit=849%2C1200&ssl=1&resize=350%2C200 1x, https:\/\/i0.wp.com\/muspot.art\/wp-content\/uploads\/2025\/10\/Oj-lulaj-01.webp?fit=849%2C1200&ssl=1&resize=525%2C300 1.5x, https:\/\/i0.wp.com\/muspot.art\/wp-content\/uploads\/2025\/10\/Oj-lulaj-01.webp?fit=849%2C1200&ssl=1&resize=700%2C400 2x"},"classes":[]},{"id":4457,"url":"https:\/\/muspot.art\/en\/product\/piejo-kury-piejo-zuzanna-koziej\/","url_meta":{"origin":4469,"position":3},"title":"Piejo kury, piejo &#8211; Zuzanna Koziej","author":"MUSPOT","date":"21 October 2025","format":false,"excerpt":"Piejo kury, piejo to polska pie\u015b\u0144 ludowa, pochodz\u0105ca z Zamojszczyzny, w opracowaniu Zuzanny Koziej. Przeznaczona na 4-g\u0142osowy ch\u00f3r \u017ce\u0144ski z solowym g\u0142osem bia\u0142ym. Czas trwania: 2'","rel":"","context":"Similar post","block_context":{"text":"Similar post","link":""},"img":{"alt_text":"","src":"https:\/\/i0.wp.com\/muspot.art\/wp-content\/uploads\/2025\/10\/Piejo-kury1.webp?fit=849%2C1200&ssl=1&resize=350%2C200","width":350,"height":200,"srcset":"https:\/\/i0.wp.com\/muspot.art\/wp-content\/uploads\/2025\/10\/Piejo-kury1.webp?fit=849%2C1200&ssl=1&resize=350%2C200 1x, https:\/\/i0.wp.com\/muspot.art\/wp-content\/uploads\/2025\/10\/Piejo-kury1.webp?fit=849%2C1200&ssl=1&resize=525%2C300 1.5x, https:\/\/i0.wp.com\/muspot.art\/wp-content\/uploads\/2025\/10\/Piejo-kury1.webp?fit=849%2C1200&ssl=1&resize=700%2C400 2x"},"classes":[]},{"id":3959,"url":"https:\/\/muspot.art\/en\/product\/sady-moje-zuzanna-koziej\/","url_meta":{"origin":4469,"position":4},"title":"Sady moje, sady &#8211; Zuzanna Koziej","author":"MUSPOT","date":"5 September 2025","format":false,"excerpt":"Sady moje, sady to polska pie\u015b\u0144 ludowa, pochodz\u0105ca z Kres\u00f3w - Wile\u0144szczyzny, w opracowaniu Zuzanny Koziej. Przeznaczona na 4-g\u0142osowy ch\u00f3r mieszany Czas trwania: 3'","rel":"","context":"Similar post","block_context":{"text":"Similar post","link":""},"img":{"alt_text":"","src":"https:\/\/i0.wp.com\/muspot.art\/wp-content\/uploads\/2025\/09\/Sady-moje-sady-Zuzanna-Koziej-WM_page-0001.jpg?fit=849%2C1200&ssl=1&resize=350%2C200","width":350,"height":200,"srcset":"https:\/\/i0.wp.com\/muspot.art\/wp-content\/uploads\/2025\/09\/Sady-moje-sady-Zuzanna-Koziej-WM_page-0001.jpg?fit=849%2C1200&ssl=1&resize=350%2C200 1x, https:\/\/i0.wp.com\/muspot.art\/wp-content\/uploads\/2025\/09\/Sady-moje-sady-Zuzanna-Koziej-WM_page-0001.jpg?fit=849%2C1200&ssl=1&resize=525%2C300 1.5x, https:\/\/i0.wp.com\/muspot.art\/wp-content\/uploads\/2025\/09\/Sady-moje-sady-Zuzanna-Koziej-WM_page-0001.jpg?fit=849%2C1200&ssl=1&resize=700%2C400 2x"},"classes":[]},{"id":4461,"url":"https:\/\/muspot.art\/en\/product\/ruta-zuzanna-koziej\/","url_meta":{"origin":4469,"position":5},"title":"Ruta &#8211; Zuzanna Koziej","author":"MUSPOT","date":"21 October 2025","format":false,"excerpt":"Ruta to polska pie\u015b\u0144 ludowa w opracowaniu Zuzanny Koziej. Przeznaczona na 4-g\u0142osowy ch\u00f3r \u017ce\u0144ski z solowym g\u0142osem bia\u0142ym. Czas trwania: 3'-4'","rel":"","context":"Similar post","block_context":{"text":"Similar post","link":""},"img":{"alt_text":"","src":"https:\/\/i0.wp.com\/muspot.art\/wp-content\/uploads\/2025\/10\/Ruta-01.webp?fit=849%2C1200&ssl=1&resize=350%2C200","width":350,"height":200,"srcset":"https:\/\/i0.wp.com\/muspot.art\/wp-content\/uploads\/2025\/10\/Ruta-01.webp?fit=849%2C1200&ssl=1&resize=350%2C200 1x, https:\/\/i0.wp.com\/muspot.art\/wp-content\/uploads\/2025\/10\/Ruta-01.webp?fit=849%2C1200&ssl=1&resize=525%2C300 1.5x, https:\/\/i0.wp.com\/muspot.art\/wp-content\/uploads\/2025\/10\/Ruta-01.webp?fit=849%2C1200&ssl=1&resize=700%2C400 2x"},"classes":[]}],"_links":{"self":[{"href":"https:\/\/muspot.art\/en\/wp-json\/wp\/v2\/product\/4469","targetHints":{"allow":["GET"]}}],"collection":[{"href":"https:\/\/muspot.art\/en\/wp-json\/wp\/v2\/product"}],"about":[{"href":"https:\/\/muspot.art\/en\/wp-json\/wp\/v2\/types\/product"}],"wp:featuredmedia":[{"embeddable":true,"href":"https:\/\/muspot.art\/en\/wp-json\/wp\/v2\/media\/4471"}],"wp:attachment":[{"href":"https:\/\/muspot.art\/en\/wp-json\/wp\/v2\/media?parent=4469"}],"wp:term":[{"taxonomy":"product_brand","embeddable":true,"href":"https:\/\/muspot.art\/en\/wp-json\/wp\/v2\/product_brand?post=4469"},{"taxonomy":"product_cat","embeddable":true,"href":"https:\/\/muspot.art\/en\/wp-json\/wp\/v2\/product_cat?post=4469"},{"taxonomy":"product_tag","embeddable":true,"href":"https:\/\/muspot.art\/en\/wp-json\/wp\/v2\/product_tag?post=4469"}],"curies":[{"name":"wp","href":"https:\/\/api.w.org\/{rel}","templated":true}]}}

Zaświeć niesiądzu &#8211; Zuzanna Koziej

<p><em>Zaświeć niesiądzu </em>to polska pieśń ludowa pochodząca z Kurpiów w opracowaniu Zuzanny Koziej.</p>
<p>Przeznaczona na 4-głosowy chór żeński, z divisi do 5 głosów.</p>
<p>Czas trwania: 3&#8242;-4&#8242;</p>
<p><iframe title="Spotify Embed: Zaświeć niesiądzu" style="border-radius: 12px" width="100%" height="152" frameborder="0" allowfullscreen allow="autoplay; clipboard-write; encrypted-media; fullscreen; picture-in-picture" loading="lazy" src="https://open.spotify.com/embed/track/2YRAqSweE8oavftn8lx5Vi?si=f3306076460c4865&#038;utm_source=oembed"></iframe></p>

<p>Zaświeć niesiądzu to polska pieśń ludowa pochodząca z Kurpiów w opracowaniu Zuzanny Koziej. Przeznaczona na 4-głosowy chór żeński, z divisi do 5 głosów. Czas trwania: 3&#8242;-4&#8242;</p>

5 polskich pieśni ludowych na chór żeński &#8211; Zuzanna Koziej

5 polskich pieśni ludowych to zbiór 5 pieśni na chór żeński w opracowaniu Zuzanny Koziej. Przeznaczone na 4 głosy. Kołyszże się, kołysz Pozic mamo raz Matulu moja Zaświeć niesiądzu (divisi do 5 głosów) Oj lulaj, lulaj (z głosem białym solo)

"Matulu moja" to polska pieśń ludowa, pochodząca z regionu Kurpiów, w opracowaniu Zuzanny Koziej. Przeznaczona na 4-głosowy chór żeński, męski lub mieszany. Utwór jest żywiołowy, rytmiczny, o nakładających się rytmach dwu- i trójdzielnych. Czas trwania: 2' Może zostać wykonany w cyklu z innymi opracowaniami: • Pozic mamo raz (Kurpie), Kołyszże…

Oj lulaj, lulaj to polska pieśń ludowa, pochodząca z Zamojszczyzny, w opracowaniu Zuzanny Koziej. Przeznaczona na 4-głosowy chór żeński z solowym głosem białym. Czas trwania: 3'

Piejo kury, piejo to polska pieśń ludowa, pochodząca z Zamojszczyzny, w opracowaniu Zuzanny Koziej. Przeznaczona na 4-głosowy chór żeński z solowym głosem białym. Czas trwania: 2'

Sady moje, sady to polska pieśń ludowa, pochodząca z Kresów - Wileńszczyzny, w opracowaniu Zuzanny Koziej. Przeznaczona na 4-głosowy chór mieszany Czas trwania: 3'

Ruta to polska pieśń ludowa w opracowaniu Zuzanny Koziej. Przeznaczona na 4-głosowy chór żeński z solowym głosem białym. Czas trwania: 3'-4'
