{"id":3818,"date":"2025-08-12T23:45:00","date_gmt":"2025-08-12T21:45:00","guid":{"rendered":"https:\/\/muspot.art\/?post_type=product&#038;p=3818"},"modified":"2025-12-02T12:41:32","modified_gmt":"2025-12-02T11:41:32","slug":"l-acqua-zuzanna-koziej","status":"publish","type":"product","link":"https:\/\/muspot.art\/en\/product\/l-acqua-zuzanna-koziej\/","title":{"rendered":"L&#8217;Acqua &#8211; Zuzanna Koziej"},"content":{"rendered":"<p><span class=\"embed-youtube\" style=\"text-align:center; display: block;\"><iframe loading=\"lazy\" class=\"youtube-player\" width=\"980\" height=\"552\" src=\"https:\/\/www.youtube.com\/embed\/JNHixpInSbw?version=3&#038;rel=1&#038;showsearch=0&#038;showinfo=1&#038;iv_load_policy=1&#038;fs=1&#038;hl=en-GB&#038;autohide=2&#038;wmode=transparent\" allowfullscreen=\"true\" style=\"border:0;\" sandbox=\"allow-scripts allow-same-origin allow-popups allow-presentation allow-popups-to-escape-sandbox\"><\/iframe><\/span><\/p>\n<p>&#8222;L&#8217;Acqua&#8221; to utw\u00f3r Zuzanny Koziej do tekstu Renzo Pezzaniego, przeznaczony na dwug\u0142osowy ch\u00f3r dzieci\u0119cy z akompaniamentem fortepianu. Napisany w 2024 roku.<\/p>\n<p>Czas trwania: 1&#8242; &#8211; 1&#8217;30&#8221;<\/p>\n<p>J\u0119zyk w\u0142oski. Mo\u017cliwe jest dodanie choreografii.<\/p>\n<p><strong><em>L&#8217;Acqua &#8211; Renzo Pezzani<\/em><\/strong><\/p>\n<p><em>Acqua pura di sorgiva,<\/em><br \/>\n<em>chi ti tocca ti sente viva,<\/em><br \/>\n<em>chi ti porta via col secchio<\/em><br \/>\n<em>porta il cielo in uno specchio.<\/em><br \/>\n<em>Beve luce chi ti beve,<\/em><br \/>\n<em>eri nuvola, eri neve,<\/em><br \/>\n<em>eri canto di fontana,<\/em><br \/>\n<em>eri squillo di campana.<\/em><br \/>\n<em>Sei la gioia del giardino,<\/em><br \/>\n<em>sei la forza del mulino.<\/em><br \/>\n<em>Pellegrina affaccendata<\/em><br \/>\n<em>tornerai dove sei nata.<\/em><\/p>","protected":false},"excerpt":{"rendered":"<p>&#8222;L&#8217;Acqua&#8221; to utw\u00f3r Zuzanny Koziej do tekstu Renzo Pezzaniego, przeznaczony na dwug\u0142osowy ch\u00f3r dzieci\u0119cy z akompaniamentem fortepianu. Napisany w 2024 roku. Czas trwania: 1&#8242; &#8211; 1&#8217;30&#8221; J\u0119zyk w\u0142oski. Mo\u017cliwe jest [&hellip;]<\/p>\n","protected":false},"featured_media":3823,"template":"","meta":{"_eb_attr":"","_crdt_document":"","advanced_seo_description":"","jetpack_seo_html_title":"","jetpack_seo_noindex":false,"_EventAllDay":false,"_EventTimezone":"","_EventStartDate":"","_EventEndDate":"","_EventStartDateUTC":"","_EventEndDateUTC":"","_EventShowMap":false,"_EventShowMapLink":false,"_EventURL":"","_EventCost":"","_EventCostDescription":"","_EventCurrencySymbol":"","_EventCurrencyCode":"","_EventCurrencyPosition":"","_EventDateTimeSeparator":"","_EventTimeRangeSeparator":"","_EventOrganizerID":[],"_EventVenueID":[],"_OrganizerEmail":"","_OrganizerPhone":"","_OrganizerWebsite":"","_VenueAddress":"","_VenueCity":"","_VenueCountry":"","_VenueProvince":"","_VenueState":"","_VenueZip":"","_VenuePhone":"","_VenueURL":"","_VenueStateProvince":"","_VenueLat":"","_VenueLng":"","_VenueShowMap":false,"_VenueShowMapLink":false,"_themeisle_gutenberg_block_has_review":false,"jetpack_publicize_message":"","jetpack_publicize_feature_enabled":true,"jetpack_social_post_already_shared":true,"jetpack_social_options":{"image_generator_settings":{"template":"highway","default_image_id":0,"font":"","enabled":false},"version":2},"_wpas_customize_per_network":false},"product_brand":[],"product_cat":[15114,14815,14825],"product_tag":[15063,15044,15095,14942,15093,15082,15094],"class_list":{"0":"post-3818","1":"product","2":"type-product","3":"status-publish","4":"has-post-thumbnail","6":"product_cat-2-glosowy-fort","7":"product_cat-chor-dzieciecy","8":"product_cat-zuzanna-koziej","9":"product_tag-morze","10":"product_tag-natura","11":"product_tag-niebieski","12":"product_tag-poezja","13":"product_tag-woda","14":"product_tag-zycie","15":"product_tag-zywioly","16":"pa_czastrwania-1-3","17":"pa_glosy-sa","18":"pa_jezyk-it","19":"pa_kompozytor-zuzanna-koziej","20":"pa_lyrics-renzo-pezzani","21":"pa_obsada-fortepian","22":"pa_poziom-podstawowy","23":"pa_rok-14991","24":"pa_sklad-dzieciecy-dwuglosowy-z-fortepianem","25":"pa_strony-14927","26":"pa_styl-poezja","28":"first","29":"instock","30":"downloadable","31":"virtual","32":"purchasable","33":"product-type-simple"},"jetpack_publicize_connections":[],"jetpack_likes_enabled":false,"jetpack_sharing_enabled":false,"jetpack-related-posts":[{"id":127,"url":"https:\/\/muspot.art\/en\/product\/laus-trinitati-zuzanna-koziej\/","url_meta":{"origin":3818,"position":0},"title":"Laus Trinitati &#8211; Zuzanna Koziej","author":"MUSPOT","date":"5 November 2023","format":false,"excerpt":"","rel":"","context":"Similar post","block_context":{"text":"Similar post","link":""},"img":{"alt_text":"","src":"https:\/\/i0.wp.com\/muspot.art\/wp-content\/uploads\/2023\/11\/MUS_Laus-Trinitati_proof-WM_page-0001.jpg?fit=849%2C1200&ssl=1&resize=350%2C200","width":350,"height":200,"srcset":"https:\/\/i0.wp.com\/muspot.art\/wp-content\/uploads\/2023\/11\/MUS_Laus-Trinitati_proof-WM_page-0001.jpg?fit=849%2C1200&ssl=1&resize=350%2C200 1x, https:\/\/i0.wp.com\/muspot.art\/wp-content\/uploads\/2023\/11\/MUS_Laus-Trinitati_proof-WM_page-0001.jpg?fit=849%2C1200&ssl=1&resize=525%2C300 1.5x, https:\/\/i0.wp.com\/muspot.art\/wp-content\/uploads\/2023\/11\/MUS_Laus-Trinitati_proof-WM_page-0001.jpg?fit=849%2C1200&ssl=1&resize=700%2C400 2x"},"classes":[]},{"id":3959,"url":"https:\/\/muspot.art\/en\/product\/sady-moje-zuzanna-koziej\/","url_meta":{"origin":3818,"position":1},"title":"Sady moje, sady &#8211; Zuzanna Koziej","author":"MUSPOT","date":"5 September 2025","format":false,"excerpt":"Sady moje, sady to polska pie\u015b\u0144 ludowa, pochodz\u0105ca z Kres\u00f3w - Wile\u0144szczyzny, w opracowaniu Zuzanny Koziej. Przeznaczona na 4-g\u0142osowy ch\u00f3r mieszany Czas trwania: 3'","rel":"","context":"Similar post","block_context":{"text":"Similar post","link":""},"img":{"alt_text":"","src":"https:\/\/i0.wp.com\/muspot.art\/wp-content\/uploads\/2025\/09\/Sady-moje-sady-Zuzanna-Koziej-WM_page-0001.jpg?fit=849%2C1200&ssl=1&resize=350%2C200","width":350,"height":200,"srcset":"https:\/\/i0.wp.com\/muspot.art\/wp-content\/uploads\/2025\/09\/Sady-moje-sady-Zuzanna-Koziej-WM_page-0001.jpg?fit=849%2C1200&ssl=1&resize=350%2C200 1x, https:\/\/i0.wp.com\/muspot.art\/wp-content\/uploads\/2025\/09\/Sady-moje-sady-Zuzanna-Koziej-WM_page-0001.jpg?fit=849%2C1200&ssl=1&resize=525%2C300 1.5x, https:\/\/i0.wp.com\/muspot.art\/wp-content\/uploads\/2025\/09\/Sady-moje-sady-Zuzanna-Koziej-WM_page-0001.jpg?fit=849%2C1200&ssl=1&resize=700%2C400 2x"},"classes":[]},{"id":98,"url":"https:\/\/muspot.art\/en\/product\/ostende-mihi-zuzanna-koziej\/","url_meta":{"origin":3818,"position":2},"title":"Ostende mihi &#8211; Zuzanna Koziej","author":"MUSPOT","date":"5 November 2023","format":false,"excerpt":"\u00a0 \u00a0","rel":"","context":"Similar post","block_context":{"text":"Similar post","link":""},"img":{"alt_text":"","src":"https:\/\/i0.wp.com\/muspot.art\/wp-content\/uploads\/2023\/11\/MUS_ZK_Ostende_proof-WM_page-0001.jpg?fit=849%2C1200&ssl=1&resize=350%2C200","width":350,"height":200,"srcset":"https:\/\/i0.wp.com\/muspot.art\/wp-content\/uploads\/2023\/11\/MUS_ZK_Ostende_proof-WM_page-0001.jpg?fit=849%2C1200&ssl=1&resize=350%2C200 1x, https:\/\/i0.wp.com\/muspot.art\/wp-content\/uploads\/2023\/11\/MUS_ZK_Ostende_proof-WM_page-0001.jpg?fit=849%2C1200&ssl=1&resize=525%2C300 1.5x, https:\/\/i0.wp.com\/muspot.art\/wp-content\/uploads\/2023\/11\/MUS_ZK_Ostende_proof-WM_page-0001.jpg?fit=849%2C1200&ssl=1&resize=700%2C400 2x"},"classes":[]},{"id":4461,"url":"https:\/\/muspot.art\/en\/product\/ruta-zuzanna-koziej\/","url_meta":{"origin":3818,"position":3},"title":"Ruta &#8211; Zuzanna Koziej","author":"MUSPOT","date":"21 October 2025","format":false,"excerpt":"Ruta to polska pie\u015b\u0144 ludowa w opracowaniu Zuzanny Koziej. Przeznaczona na 4-g\u0142osowy ch\u00f3r \u017ce\u0144ski z solowym g\u0142osem bia\u0142ym. Czas trwania: 3'-4'","rel":"","context":"Similar post","block_context":{"text":"Similar post","link":""},"img":{"alt_text":"","src":"https:\/\/i0.wp.com\/muspot.art\/wp-content\/uploads\/2025\/10\/Ruta-01.webp?fit=849%2C1200&ssl=1&resize=350%2C200","width":350,"height":200,"srcset":"https:\/\/i0.wp.com\/muspot.art\/wp-content\/uploads\/2025\/10\/Ruta-01.webp?fit=849%2C1200&ssl=1&resize=350%2C200 1x, https:\/\/i0.wp.com\/muspot.art\/wp-content\/uploads\/2025\/10\/Ruta-01.webp?fit=849%2C1200&ssl=1&resize=525%2C300 1.5x, https:\/\/i0.wp.com\/muspot.art\/wp-content\/uploads\/2025\/10\/Ruta-01.webp?fit=849%2C1200&ssl=1&resize=700%2C400 2x"},"classes":[]},{"id":4446,"url":"https:\/\/muspot.art\/en\/product\/oj-lulaj-lulaj-zuzanna-koziej\/","url_meta":{"origin":3818,"position":4},"title":"Oj lulaj, lulaj &#8211; Zuzanna Koziej","author":"MUSPOT","date":"21 October 2025","format":false,"excerpt":"Oj lulaj, lulaj to polska pie\u015b\u0144 ludowa, pochodz\u0105ca z Zamojszczyzny, w opracowaniu Zuzanny Koziej. Przeznaczona na 4-g\u0142osowy ch\u00f3r \u017ce\u0144ski z solowym g\u0142osem bia\u0142ym. Czas trwania: 3'","rel":"","context":"Similar post","block_context":{"text":"Similar post","link":""},"img":{"alt_text":"","src":"https:\/\/i0.wp.com\/muspot.art\/wp-content\/uploads\/2025\/10\/Oj-lulaj-01.webp?fit=849%2C1200&ssl=1&resize=350%2C200","width":350,"height":200,"srcset":"https:\/\/i0.wp.com\/muspot.art\/wp-content\/uploads\/2025\/10\/Oj-lulaj-01.webp?fit=849%2C1200&ssl=1&resize=350%2C200 1x, https:\/\/i0.wp.com\/muspot.art\/wp-content\/uploads\/2025\/10\/Oj-lulaj-01.webp?fit=849%2C1200&ssl=1&resize=525%2C300 1.5x, https:\/\/i0.wp.com\/muspot.art\/wp-content\/uploads\/2025\/10\/Oj-lulaj-01.webp?fit=849%2C1200&ssl=1&resize=700%2C400 2x"},"classes":[]},{"id":4457,"url":"https:\/\/muspot.art\/en\/product\/piejo-kury-piejo-zuzanna-koziej\/","url_meta":{"origin":3818,"position":5},"title":"Piejo kury, piejo &#8211; Zuzanna Koziej","author":"MUSPOT","date":"21 October 2025","format":false,"excerpt":"Piejo kury, piejo to polska pie\u015b\u0144 ludowa, pochodz\u0105ca z Zamojszczyzny, w opracowaniu Zuzanny Koziej. Przeznaczona na 4-g\u0142osowy ch\u00f3r \u017ce\u0144ski z solowym g\u0142osem bia\u0142ym. Czas trwania: 2'","rel":"","context":"Similar post","block_context":{"text":"Similar post","link":""},"img":{"alt_text":"","src":"https:\/\/i0.wp.com\/muspot.art\/wp-content\/uploads\/2025\/10\/Piejo-kury1.webp?fit=849%2C1200&ssl=1&resize=350%2C200","width":350,"height":200,"srcset":"https:\/\/i0.wp.com\/muspot.art\/wp-content\/uploads\/2025\/10\/Piejo-kury1.webp?fit=849%2C1200&ssl=1&resize=350%2C200 1x, https:\/\/i0.wp.com\/muspot.art\/wp-content\/uploads\/2025\/10\/Piejo-kury1.webp?fit=849%2C1200&ssl=1&resize=525%2C300 1.5x, https:\/\/i0.wp.com\/muspot.art\/wp-content\/uploads\/2025\/10\/Piejo-kury1.webp?fit=849%2C1200&ssl=1&resize=700%2C400 2x"},"classes":[]}],"_links":{"self":[{"href":"https:\/\/muspot.art\/en\/wp-json\/wp\/v2\/product\/3818","targetHints":{"allow":["GET"]}}],"collection":[{"href":"https:\/\/muspot.art\/en\/wp-json\/wp\/v2\/product"}],"about":[{"href":"https:\/\/muspot.art\/en\/wp-json\/wp\/v2\/types\/product"}],"wp:featuredmedia":[{"embeddable":true,"href":"https:\/\/muspot.art\/en\/wp-json\/wp\/v2\/media\/3823"}],"wp:attachment":[{"href":"https:\/\/muspot.art\/en\/wp-json\/wp\/v2\/media?parent=3818"}],"wp:term":[{"taxonomy":"product_brand","embeddable":true,"href":"https:\/\/muspot.art\/en\/wp-json\/wp\/v2\/product_brand?post=3818"},{"taxonomy":"product_cat","embeddable":true,"href":"https:\/\/muspot.art\/en\/wp-json\/wp\/v2\/product_cat?post=3818"},{"taxonomy":"product_tag","embeddable":true,"href":"https:\/\/muspot.art\/en\/wp-json\/wp\/v2\/product_tag?post=3818"}],"curies":[{"name":"wp","href":"https:\/\/api.w.org\/{rel}","templated":true}]}}

<p><span class="embed-youtube" style="text-align:center; display: block;"><iframe loading="lazy" class="youtube-player" width="980" height="552" src="https://www.youtube.com/embed/JNHixpInSbw?version=3&#038;rel=1&#038;showsearch=0&#038;showinfo=1&#038;iv_load_policy=1&#038;fs=1&#038;hl=en-GB&#038;autohide=2&#038;wmode=transparent" allowfullscreen="true" style="border:0;" sandbox="allow-scripts allow-same-origin allow-popups allow-presentation allow-popups-to-escape-sandbox"></iframe></span></p>
<p>&#8222;L&#8217;Acqua&#8221; to utwór Zuzanny Koziej do tekstu Renzo Pezzaniego, przeznaczony na dwugłosowy chór dziecięcy z akompaniamentem fortepianu. Napisany w 2024 roku.</p>
<p>Czas trwania: 1&#8242; &#8211; 1&#8217;30&#8221;</p>
<p>Język włoski. Możliwe jest dodanie choreografii.</p>
<p><strong><em>L&#8217;Acqua &#8211; Renzo Pezzani</em></strong></p>
<p><em>Acqua pura di sorgiva,</em><br />
<em>chi ti tocca ti sente viva,</em><br />
<em>chi ti porta via col secchio</em><br />
<em>porta il cielo in uno specchio.</em><br />
<em>Beve luce chi ti beve,</em><br />
<em>eri nuvola, eri neve,</em><br />
<em>eri canto di fontana,</em><br />
<em>eri squillo di campana.</em><br />
<em>Sei la gioia del giardino,</em><br />
<em>sei la forza del mulino.</em><br />
<em>Pellegrina affaccendata</em><br />
<em>tornerai dove sei nata.</em></p>

<p>&#8222;L&#8217;Acqua&#8221; to utwór Zuzanny Koziej do tekstu Renzo Pezzaniego, przeznaczony na dwugłosowy chór dziecięcy z akompaniamentem fortepianu. Napisany w 2024 roku. Czas trwania: 1&#8242; &#8211; 1&#8217;30&#8221; Język włoski. Możliwe jest [&hellip;]</p>

Sady moje, sady to polska pieśń ludowa, pochodząca z Kresów - Wileńszczyzny, w opracowaniu Zuzanny Koziej. Przeznaczona na 4-głosowy chór mieszany Czas trwania: 3'

Ruta to polska pieśń ludowa w opracowaniu Zuzanny Koziej. Przeznaczona na 4-głosowy chór żeński z solowym głosem białym. Czas trwania: 3'-4'

Oj lulaj, lulaj to polska pieśń ludowa, pochodząca z Zamojszczyzny, w opracowaniu Zuzanny Koziej. Przeznaczona na 4-głosowy chór żeński z solowym głosem białym. Czas trwania: 3'

Piejo kury, piejo to polska pieśń ludowa, pochodząca z Zamojszczyzny, w opracowaniu Zuzanny Koziej. Przeznaczona na 4-głosowy chór żeński z solowym głosem białym. Czas trwania: 2'
