{"id":3317,"date":"2025-05-23T20:49:35","date_gmt":"2025-05-23T18:49:35","guid":{"rendered":"https:\/\/muspot.art\/?post_type=product&#038;p=3317"},"modified":"2025-08-12T01:09:22","modified_gmt":"2025-08-11T23:09:22","slug":"winter-lights-zuzanna-koziej","status":"publish","type":"product","link":"https:\/\/muspot.art\/en\/product\/winter-lights-zuzanna-koziej\/","title":{"rendered":"Winter Lights &#8211; Zuzanna Koziej"},"content":{"rendered":"<p><span class=\"embed-youtube\" style=\"text-align:center; display: block;\"><iframe loading=\"lazy\" class=\"youtube-player\" width=\"980\" height=\"552\" src=\"https:\/\/www.youtube.com\/embed\/1EVQDbayiDU?version=3&#038;rel=1&#038;showsearch=0&#038;showinfo=1&#038;iv_load_policy=1&#038;fs=1&#038;hl=en-GB&#038;autohide=2&#038;wmode=transparent\" allowfullscreen=\"true\" style=\"border:0;\" sandbox=\"allow-scripts allow-same-origin allow-popups allow-presentation allow-popups-to-escape-sandbox\"><\/iframe><\/span><\/p>\n<p>CZAS TRWANIA: 3&#8217;30&#8221; &#8211; 4&#8242;<\/p>\n<p>Utw\u00f3r na ch\u00f3r \u017ce\u0144ski o tematyce zimowej w j\u0119zyku angielskim. Winter Lights &#8211; zimowe \u015bwiat\u0142a. Stopie\u0144 trudno\u015bci: \u015bredniozaawansowany.<\/p>\n<p>Dla ch\u00f3r\u00f3w amatorskich,<\/p>\n<p>podzia\u0142 na 5 g\u0142os\u00f3w.<\/p>","protected":false},"excerpt":{"rendered":"<p>CZAS TRWANIA: 3&#8217;30&#8221; &#8211; 4&#8242; Utw\u00f3r na ch\u00f3r \u017ce\u0144ski o tematyce zimowej w j\u0119zyku angielskim. Winter Lights &#8211; zimowe \u015bwiat\u0142a. Stopie\u0144 trudno\u015bci: \u015bredniozaawansowany. Dla ch\u00f3r\u00f3w amatorskich, podzia\u0142 na 5 g\u0142os\u00f3w.<\/p>","protected":false},"featured_media":3324,"template":"","meta":{"_eb_attr":"","_crdt_document":"","advanced_seo_description":"","jetpack_seo_html_title":"","jetpack_seo_noindex":false,"_EventAllDay":false,"_EventTimezone":"","_EventStartDate":"","_EventEndDate":"","_EventStartDateUTC":"","_EventEndDateUTC":"","_EventShowMap":false,"_EventShowMapLink":false,"_EventURL":"","_EventCost":"","_EventCostDescription":"","_EventCurrencySymbol":"","_EventCurrencyCode":"","_EventCurrencyPosition":"","_EventDateTimeSeparator":"","_EventTimeRangeSeparator":"","_EventOrganizerID":[],"_EventVenueID":[],"_OrganizerEmail":"","_OrganizerPhone":"","_OrganizerWebsite":"","_VenueAddress":"","_VenueCity":"","_VenueCountry":"","_VenueProvince":"","_VenueState":"","_VenueZip":"","_VenuePhone":"","_VenueURL":"","_VenueStateProvince":"","_VenueLat":"","_VenueLng":"","_VenueShowMap":false,"_VenueShowMapLink":false,"_themeisle_gutenberg_block_has_review":false,"jetpack_publicize_message":"","jetpack_publicize_feature_enabled":true,"jetpack_social_post_already_shared":true,"jetpack_social_options":{"image_generator_settings":{"template":"highway","default_image_id":0,"font":"","enabled":false},"version":2},"_wpas_customize_per_network":false},"product_brand":[],"product_cat":[14810,14825],"product_tag":[15038,15047,15073,15074],"class_list":{"0":"post-3317","1":"product","2":"type-product","3":"status-publish","4":"has-post-thumbnail","6":"product_cat-chor-zenski","7":"product_cat-zuzanna-koziej","8":"product_tag-boze-narodzenie","9":"product_tag-zima","10":"product_tag-snieg","11":"product_tag-swiatlo","12":"pa_czastrwania-3-5","13":"pa_czastrwania-do5","14":"pa_glosy-sssaa","15":"pa_jezyk-ang","16":"pa_kompozytor-zuzanna-koziej","17":"pa_lyrics-mary-grace","18":"pa_obsada-acappella","19":"pa_poziom-sredniozaawansowany","20":"pa_rok-14872","21":"pa_sklad-chorzenski","22":"pa_strony-14929","23":"pa_styl-poezja","25":"first","26":"instock","27":"downloadable","28":"virtual","29":"purchasable","30":"product-type-simple"},"jetpack_publicize_connections":[],"jetpack_likes_enabled":false,"jetpack_sharing_enabled":false,"jetpack-related-posts":[{"id":4426,"url":"https:\/\/muspot.art\/en\/product\/wiatr-na-plazy-anna-roclawska-musialczyk\/","url_meta":{"origin":3317,"position":0},"title":"Wiatr na pla\u017cy &#8211; Anna Roc\u0142awska-Musia\u0142czyk","author":"MUSPOT","date":"17 October 2025","format":false,"excerpt":"\"Wiatr na pla\u017cy\" to utw\u00f3r Anny Roc\u0142awskiej-Musia\u0142czyk przeznaczony na ch\u00f3r dzieci\u0119cy w j\u0119zyku polskim do tekstu Doroty Gellner.","rel":"","context":"Similar post","block_context":{"text":"Similar post","link":""},"img":{"alt_text":"","src":"https:\/\/i0.wp.com\/muspot.art\/wp-content\/uploads\/2025\/10\/Wiatr-na-plazy-Anna-Roclawska-Musialczyk_page-0001.webp?fit=849%2C1200&ssl=1&resize=350%2C200","width":350,"height":200,"srcset":"https:\/\/i0.wp.com\/muspot.art\/wp-content\/uploads\/2025\/10\/Wiatr-na-plazy-Anna-Roclawska-Musialczyk_page-0001.webp?fit=849%2C1200&ssl=1&resize=350%2C200 1x, https:\/\/i0.wp.com\/muspot.art\/wp-content\/uploads\/2025\/10\/Wiatr-na-plazy-Anna-Roclawska-Musialczyk_page-0001.webp?fit=849%2C1200&ssl=1&resize=525%2C300 1.5x, https:\/\/i0.wp.com\/muspot.art\/wp-content\/uploads\/2025\/10\/Wiatr-na-plazy-Anna-Roclawska-Musialczyk_page-0001.webp?fit=849%2C1200&ssl=1&resize=700%2C400 2x"},"classes":[]},{"id":2669,"url":"https:\/\/muspot.art\/en\/product\/na-trzy-cztery-jan-krutul\/","url_meta":{"origin":3317,"position":1},"title":"Na trzy-cztery! &#8211; Jan Krutul","author":"MUSPOT","date":"26 April 2025","format":false,"excerpt":"","rel":"","context":"Similar post","block_context":{"text":"Similar post","link":""},"img":{"alt_text":"","src":"https:\/\/i0.wp.com\/muspot.art\/wp-content\/uploads\/2025\/04\/Na-trzy-cztery-Jan-Krutul_page-0001.jpg?fit=849%2C1200&ssl=1&resize=350%2C200","width":350,"height":200,"srcset":"https:\/\/i0.wp.com\/muspot.art\/wp-content\/uploads\/2025\/04\/Na-trzy-cztery-Jan-Krutul_page-0001.jpg?fit=849%2C1200&ssl=1&resize=350%2C200 1x, https:\/\/i0.wp.com\/muspot.art\/wp-content\/uploads\/2025\/04\/Na-trzy-cztery-Jan-Krutul_page-0001.jpg?fit=849%2C1200&ssl=1&resize=525%2C300 1.5x, https:\/\/i0.wp.com\/muspot.art\/wp-content\/uploads\/2025\/04\/Na-trzy-cztery-Jan-Krutul_page-0001.jpg?fit=849%2C1200&ssl=1&resize=700%2C400 2x"},"classes":[]},{"id":4903,"url":"https:\/\/muspot.art\/en\/product\/crucifixus-aleksander-jan-szopa\/","url_meta":{"origin":3317,"position":2},"title":"Crucifixus &#8211; Aleksander Jan Szopa","author":"MUSPOT","date":"10 March 2026","format":false,"excerpt":"\"Crucifixus\" to utw\u00f3r sakralny Aleksandra Jana Szopy, przeznaczony na ch\u00f3r mieszany a cappella po \u0142acinie z 2018 roku. S\u0142owo od kompozytora: \"Crucifixus\" na tenor i ch\u00f3r mieszany a cappella jest oparty na nicejsko-konstantynopolita\u0144skim wyznaniu wiary. Solowa partia tenoru, powtarzaj\u0105ca s\u0142owo \u201ecrucifixus\u201d, obrazuje \u015bw. Jana Aposto\u0142a \u2013 \u015bwiadka ukrzy\u017cowania. Utrzymany w\u2026","rel":"","context":"Similar post","block_context":{"text":"Similar post","link":""},"img":{"alt_text":"","src":"https:\/\/i0.wp.com\/muspot.art\/wp-content\/uploads\/2026\/03\/Crucifixus-AJS-okladka.webp?fit=849%2C1200&ssl=1&resize=350%2C200","width":350,"height":200,"srcset":"https:\/\/i0.wp.com\/muspot.art\/wp-content\/uploads\/2026\/03\/Crucifixus-AJS-okladka.webp?fit=849%2C1200&ssl=1&resize=350%2C200 1x, https:\/\/i0.wp.com\/muspot.art\/wp-content\/uploads\/2026\/03\/Crucifixus-AJS-okladka.webp?fit=849%2C1200&ssl=1&resize=525%2C300 1.5x, https:\/\/i0.wp.com\/muspot.art\/wp-content\/uploads\/2026\/03\/Crucifixus-AJS-okladka.webp?fit=849%2C1200&ssl=1&resize=700%2C400 2x"},"classes":[]},{"id":4134,"url":"https:\/\/muspot.art\/en\/product\/5-piesni-ludowych-ssaa-zuzanna-koziej\/","url_meta":{"origin":3317,"position":3},"title":"5 polskich pie\u015bni ludowych na ch\u00f3r \u017ce\u0144ski &#8211; Zuzanna Koziej","author":"MUSPOT","date":"23 September 2025","format":false,"excerpt":"5 polskich pie\u015bni ludowych to zbi\u00f3r 5 pie\u015bni na ch\u00f3r \u017ce\u0144ski w opracowaniu Zuzanny Koziej. Przeznaczone na 4 g\u0142osy. Ko\u0142ysz\u017ce si\u0119, ko\u0142ysz Pozic mamo raz Matulu moja Za\u015bwie\u0107 niesi\u0105dzu (divisi do 5 g\u0142os\u00f3w) Oj lulaj, lulaj (z g\u0142osem bia\u0142ym solo) \u00a0 \u00a0","rel":"","context":"Similar post","block_context":{"text":"Similar post","link":""},"img":{"alt_text":"","src":"https:\/\/i0.wp.com\/muspot.art\/wp-content\/uploads\/2025\/09\/Okl_Ludowe_page-0001.jpg?fit=849%2C1200&ssl=1&resize=350%2C200","width":350,"height":200,"srcset":"https:\/\/i0.wp.com\/muspot.art\/wp-content\/uploads\/2025\/09\/Okl_Ludowe_page-0001.jpg?fit=849%2C1200&ssl=1&resize=350%2C200 1x, https:\/\/i0.wp.com\/muspot.art\/wp-content\/uploads\/2025\/09\/Okl_Ludowe_page-0001.jpg?fit=849%2C1200&ssl=1&resize=525%2C300 1.5x, https:\/\/i0.wp.com\/muspot.art\/wp-content\/uploads\/2025\/09\/Okl_Ludowe_page-0001.jpg?fit=849%2C1200&ssl=1&resize=700%2C400 2x"},"classes":[]},{"id":2836,"url":"https:\/\/muspot.art\/en\/product\/matulu-moja-zuzanna-koziej\/","url_meta":{"origin":3317,"position":4},"title":"Matulu moja &#8211; Zuzanna Koziej","author":"MUSPOT","date":"3 May 2025","format":false,"excerpt":"\"Matulu moja\" to polska pie\u015b\u0144 ludowa, pochodz\u0105ca z regionu Kurpi\u00f3w, w opracowaniu Zuzanny Koziej. Przeznaczona na 4-g\u0142osowy ch\u00f3r \u017ce\u0144ski, m\u0119ski lub mieszany. Utw\u00f3r jest \u017cywio\u0142owy, rytmiczny, o nak\u0142adaj\u0105cych si\u0119 rytmach dwu- i tr\u00f3jdzielnych. Czas trwania: 2' Mo\u017ce zosta\u0107 wykonany w cyklu z innymi opracowaniami: \u2022 Pozic mamo raz (Kurpie), Ko\u0142ysz\u017ce\u2026","rel":"","context":"Similar post","block_context":{"text":"Similar post","link":""},"img":{"alt_text":"","src":"https:\/\/i0.wp.com\/muspot.art\/wp-content\/uploads\/2025\/05\/Matulu-moja-Zuzanna-Koziej-SSAA-WM_page-0001.jpg?fit=849%2C1200&ssl=1&resize=350%2C200","width":350,"height":200,"srcset":"https:\/\/i0.wp.com\/muspot.art\/wp-content\/uploads\/2025\/05\/Matulu-moja-Zuzanna-Koziej-SSAA-WM_page-0001.jpg?fit=849%2C1200&ssl=1&resize=350%2C200 1x, https:\/\/i0.wp.com\/muspot.art\/wp-content\/uploads\/2025\/05\/Matulu-moja-Zuzanna-Koziej-SSAA-WM_page-0001.jpg?fit=849%2C1200&ssl=1&resize=525%2C300 1.5x, https:\/\/i0.wp.com\/muspot.art\/wp-content\/uploads\/2025\/05\/Matulu-moja-Zuzanna-Koziej-SSAA-WM_page-0001.jpg?fit=849%2C1200&ssl=1&resize=700%2C400 2x"},"classes":[]},{"id":4392,"url":"https:\/\/muspot.art\/en\/product\/lux-fulgebit-lukasz-urbaniak\/","url_meta":{"origin":3317,"position":5},"title":"Lux fulgebit &#8211; \u0141ukasz Urbaniak","author":"MUSPOT","date":"13 October 2025","format":false,"excerpt":"\"Lux fulgebit\" to utw\u00f3r sakralny \u0141ukasza Urbaniaka. Przeznaczony na ch\u00f3r mieszany 5-g\u0142osowy po \u0142acinie. \u00a0","rel":"","context":"Similar post","block_context":{"text":"Similar post","link":""},"img":{"alt_text":"","src":"https:\/\/i0.wp.com\/muspot.art\/wp-content\/uploads\/2025\/10\/Lux-fulgebit-Lukasz-Urbaniak-WM_page-0001.webp?fit=849%2C1200&ssl=1&resize=350%2C200","width":350,"height":200,"srcset":"https:\/\/i0.wp.com\/muspot.art\/wp-content\/uploads\/2025\/10\/Lux-fulgebit-Lukasz-Urbaniak-WM_page-0001.webp?fit=849%2C1200&ssl=1&resize=350%2C200 1x, https:\/\/i0.wp.com\/muspot.art\/wp-content\/uploads\/2025\/10\/Lux-fulgebit-Lukasz-Urbaniak-WM_page-0001.webp?fit=849%2C1200&ssl=1&resize=525%2C300 1.5x, https:\/\/i0.wp.com\/muspot.art\/wp-content\/uploads\/2025\/10\/Lux-fulgebit-Lukasz-Urbaniak-WM_page-0001.webp?fit=849%2C1200&ssl=1&resize=700%2C400 2x"},"classes":[]}],"_links":{"self":[{"href":"https:\/\/muspot.art\/en\/wp-json\/wp\/v2\/product\/3317","targetHints":{"allow":["GET"]}}],"collection":[{"href":"https:\/\/muspot.art\/en\/wp-json\/wp\/v2\/product"}],"about":[{"href":"https:\/\/muspot.art\/en\/wp-json\/wp\/v2\/types\/product"}],"wp:featuredmedia":[{"embeddable":true,"href":"https:\/\/muspot.art\/en\/wp-json\/wp\/v2\/media\/3324"}],"wp:attachment":[{"href":"https:\/\/muspot.art\/en\/wp-json\/wp\/v2\/media?parent=3317"}],"wp:term":[{"taxonomy":"product_brand","embeddable":true,"href":"https:\/\/muspot.art\/en\/wp-json\/wp\/v2\/product_brand?post=3317"},{"taxonomy":"product_cat","embeddable":true,"href":"https:\/\/muspot.art\/en\/wp-json\/wp\/v2\/product_cat?post=3317"},{"taxonomy":"product_tag","embeddable":true,"href":"https:\/\/muspot.art\/en\/wp-json\/wp\/v2\/product_tag?post=3317"}],"curies":[{"name":"wp","href":"https:\/\/api.w.org\/{rel}","templated":true}]}}

<p><span class="embed-youtube" style="text-align:center; display: block;"><iframe loading="lazy" class="youtube-player" width="980" height="552" src="https://www.youtube.com/embed/1EVQDbayiDU?version=3&#038;rel=1&#038;showsearch=0&#038;showinfo=1&#038;iv_load_policy=1&#038;fs=1&#038;hl=en-GB&#038;autohide=2&#038;wmode=transparent" allowfullscreen="true" style="border:0;" sandbox="allow-scripts allow-same-origin allow-popups allow-presentation allow-popups-to-escape-sandbox"></iframe></span></p>
<p>CZAS TRWANIA: 3&#8217;30&#8221; &#8211; 4&#8242;</p>
<p>Utwór na chór żeński o tematyce zimowej w języku angielskim. Winter Lights &#8211; zimowe światła. Stopień trudności: średniozaawansowany.</p>
<p>Dla chórów amatorskich,</p>
<p>podział na 5 głosów.</p>

<p>CZAS TRWANIA: 3&#8217;30&#8221; &#8211; 4&#8242; Utwór na chór żeński o tematyce zimowej w języku angielskim. Winter Lights &#8211; zimowe światła. Stopień trudności: średniozaawansowany. Dla chórów amatorskich, podział na 5 głosów.</p>

Wiatr na plaży &#8211; Anna Rocławska-Musiałczyk

"Wiatr na plaży" to utwór Anny Rocławskiej-Musiałczyk przeznaczony na chór dziecięcy w języku polskim do tekstu Doroty Gellner.

"Crucifixus" to utwór sakralny Aleksandra Jana Szopy, przeznaczony na chór mieszany a cappella po łacinie z 2018 roku. Słowo od kompozytora: "Crucifixus" na tenor i chór mieszany a cappella jest oparty na nicejsko-konstantynopolitańskim wyznaniu wiary. Solowa partia tenoru, powtarzająca słowo „crucifixus”, obrazuje św. Jana Apostoła – świadka ukrzyżowania. Utrzymany w…

5 polskich pieśni ludowych na chór żeński &#8211; Zuzanna Koziej

5 polskich pieśni ludowych to zbiór 5 pieśni na chór żeński w opracowaniu Zuzanny Koziej. Przeznaczone na 4 głosy. Kołyszże się, kołysz Pozic mamo raz Matulu moja Zaświeć niesiądzu (divisi do 5 głosów) Oj lulaj, lulaj (z głosem białym solo)

"Matulu moja" to polska pieśń ludowa, pochodząca z regionu Kurpiów, w opracowaniu Zuzanny Koziej. Przeznaczona na 4-głosowy chór żeński, męski lub mieszany. Utwór jest żywiołowy, rytmiczny, o nakładających się rytmach dwu- i trójdzielnych. Czas trwania: 2' Może zostać wykonany w cyklu z innymi opracowaniami: • Pozic mamo raz (Kurpie), Kołyszże…

Lux fulgebit &#8211; Łukasz Urbaniak

"Lux fulgebit" to utwór sakralny Łukasza Urbaniaka. Przeznaczony na chór mieszany 5-głosowy po łacinie.
