{"id":2627,"date":"2025-04-25T19:58:25","date_gmt":"2025-04-25T17:58:25","guid":{"rendered":"https:\/\/muspot.art\/?post_type=product&#038;p=2627"},"modified":"2025-08-15T16:54:02","modified_gmt":"2025-08-15T14:54:02","slug":"w-arce-noego-jan-krutul","status":"publish","type":"product","link":"https:\/\/muspot.art\/en\/product\/w-arce-noego-jan-krutul\/","title":{"rendered":"W Arce Noego &#8211; Jan Krutul"},"content":{"rendered":"","protected":false},"excerpt":{"rendered":"","protected":false},"featured_media":2629,"template":"","meta":{"_eb_attr":"","_crdt_document":"","advanced_seo_description":"","jetpack_seo_html_title":"","jetpack_seo_noindex":false,"_EventAllDay":false,"_EventTimezone":"","_EventStartDate":"","_EventEndDate":"","_EventStartDateUTC":"","_EventEndDateUTC":"","_EventShowMap":false,"_EventShowMapLink":false,"_EventURL":"","_EventCost":"","_EventCostDescription":"","_EventCurrencySymbol":"","_EventCurrencyCode":"","_EventCurrencyPosition":"","_EventDateTimeSeparator":"","_EventTimeRangeSeparator":"","_EventOrganizerID":[],"_EventVenueID":[],"_OrganizerEmail":"","_OrganizerPhone":"","_OrganizerWebsite":"","_VenueAddress":"","_VenueCity":"","_VenueCountry":"","_VenueProvince":"","_VenueState":"","_VenueZip":"","_VenuePhone":"","_VenueURL":"","_VenueStateProvince":"","_VenueLat":"","_VenueLng":"","_VenueShowMap":false,"_VenueShowMapLink":false,"_themeisle_gutenberg_block_has_review":false,"jetpack_publicize_message":"","jetpack_publicize_feature_enabled":true,"jetpack_social_post_already_shared":true,"jetpack_social_options":{"image_generator_settings":{"template":"highway","default_image_id":0,"font":"","enabled":false},"version":2},"_wpas_customize_per_network":false},"product_brand":[],"product_cat":[15109,15114,14815,14826],"product_tag":[15050,15049],"class_list":{"0":"post-2627","1":"product","2":"type-product","3":"status-publish","4":"has-post-thumbnail","6":"product_cat-2-glosowy","7":"product_cat-2-glosowy-fort","8":"product_cat-chor-dzieciecy","9":"product_cat-jkrutul","10":"product_tag-ptaki","11":"product_tag-zwierzeta","12":"pa_jezyk-pl","13":"pa_kompozytor-jan-krutul","14":"pa_lyrics-jan-krutul","15":"pa_obsada-fortepian","16":"pa_rok-14872","17":"pa_sklad-dzieciecy-dwuglosowy-z-fortepianem","19":"first","20":"instock","21":"downloadable","22":"virtual","23":"purchasable","24":"product-type-simple"},"jetpack_publicize_connections":[],"jetpack_likes_enabled":true,"jetpack_sharing_enabled":true,"jetpack-related-posts":[{"id":2611,"url":"https:\/\/muspot.art\/en\/product\/tuimbe-pamoja-jan-krutul\/","url_meta":{"origin":2627,"position":0},"title":"Tuimbe pamoja! &#8211; Jan Krutul","author":"MUSPOT","date":"25 April 2025","format":false,"excerpt":"\"Tuimbe pamoja!\" to utw\u00f3r Jana Krutula przeznaczony na ch\u00f3r w j\u0119zyku suahili. Utw\u00f3r mo\u017cna wykona\u0107 z towarzyszeniem fortepianu lub a cappella. Mo\u017cna w\u0142\u0105czy\u0107 w wykonanie b\u0119ben afryka\u0144ski. Utw\u00f3r mo\u017cna wykona\u0107 z ruchem. W wersji na ch\u00f3r dwug\u0142osowy lub trzyg\u0142osowy jednorodny (g\u0142os trzeci jest g\u0142osem dodatkowym ad libitum), a tak\u017ce w\u2026","rel":"","context":"Similar post","block_context":{"text":"Similar post","link":""},"img":{"alt_text":"","src":"https:\/\/i0.wp.com\/muspot.art\/wp-content\/uploads\/2025\/04\/Mus_JK-Tuimbe-SSA-s1.jpg?fit=849%2C1200&ssl=1&resize=350%2C200","width":350,"height":200,"srcset":"https:\/\/i0.wp.com\/muspot.art\/wp-content\/uploads\/2025\/04\/Mus_JK-Tuimbe-SSA-s1.jpg?fit=849%2C1200&ssl=1&resize=350%2C200 1x, https:\/\/i0.wp.com\/muspot.art\/wp-content\/uploads\/2025\/04\/Mus_JK-Tuimbe-SSA-s1.jpg?fit=849%2C1200&ssl=1&resize=525%2C300 1.5x, https:\/\/i0.wp.com\/muspot.art\/wp-content\/uploads\/2025\/04\/Mus_JK-Tuimbe-SSA-s1.jpg?fit=849%2C1200&ssl=1&resize=700%2C400 2x"},"classes":[]},{"id":2626,"url":"https:\/\/muspot.art\/en\/product\/oj-chmielu-chmielu-jan-krutul\/","url_meta":{"origin":2627,"position":1},"title":"Oj, chmielu, chmielu &#8211; Jan Krutul","author":"MUSPOT","date":"25 April 2025","format":false,"excerpt":"","rel":"","context":"Similar post","block_context":{"text":"Similar post","link":""},"img":{"alt_text":"","src":"https:\/\/i0.wp.com\/muspot.art\/wp-content\/uploads\/2025\/04\/Oj-chmielu-chmielu-Jan-Krutul-WM_page-0001.jpg?fit=849%2C1200&ssl=1&resize=350%2C200","width":350,"height":200,"srcset":"https:\/\/i0.wp.com\/muspot.art\/wp-content\/uploads\/2025\/04\/Oj-chmielu-chmielu-Jan-Krutul-WM_page-0001.jpg?fit=849%2C1200&ssl=1&resize=350%2C200 1x, https:\/\/i0.wp.com\/muspot.art\/wp-content\/uploads\/2025\/04\/Oj-chmielu-chmielu-Jan-Krutul-WM_page-0001.jpg?fit=849%2C1200&ssl=1&resize=525%2C300 1.5x, https:\/\/i0.wp.com\/muspot.art\/wp-content\/uploads\/2025\/04\/Oj-chmielu-chmielu-Jan-Krutul-WM_page-0001.jpg?fit=849%2C1200&ssl=1&resize=700%2C400 2x"},"classes":[]},{"id":2669,"url":"https:\/\/muspot.art\/en\/product\/na-trzy-cztery-jan-krutul\/","url_meta":{"origin":2627,"position":2},"title":"Na trzy-cztery! &#8211; Jan Krutul","author":"MUSPOT","date":"26 April 2025","format":false,"excerpt":"","rel":"","context":"Similar post","block_context":{"text":"Similar post","link":""},"img":{"alt_text":"","src":"https:\/\/i0.wp.com\/muspot.art\/wp-content\/uploads\/2025\/04\/Na-trzy-cztery-Jan-Krutul_page-0001.jpg?fit=849%2C1200&ssl=1&resize=350%2C200","width":350,"height":200,"srcset":"https:\/\/i0.wp.com\/muspot.art\/wp-content\/uploads\/2025\/04\/Na-trzy-cztery-Jan-Krutul_page-0001.jpg?fit=849%2C1200&ssl=1&resize=350%2C200 1x, https:\/\/i0.wp.com\/muspot.art\/wp-content\/uploads\/2025\/04\/Na-trzy-cztery-Jan-Krutul_page-0001.jpg?fit=849%2C1200&ssl=1&resize=525%2C300 1.5x, https:\/\/i0.wp.com\/muspot.art\/wp-content\/uploads\/2025\/04\/Na-trzy-cztery-Jan-Krutul_page-0001.jpg?fit=849%2C1200&ssl=1&resize=700%2C400 2x"},"classes":[]},{"id":2620,"url":"https:\/\/muspot.art\/en\/product\/miala-babulinka-koziolecka-jan-krutul\/","url_meta":{"origin":2627,"position":3},"title":"Mia\u0142a babulinka kozio\u0142ecka &#8211; Jan Krutul","author":"MUSPOT","date":"26 April 2025","format":false,"excerpt":"","rel":"","context":"Similar post","block_context":{"text":"Similar post","link":""},"img":{"alt_text":"","src":"https:\/\/i0.wp.com\/muspot.art\/wp-content\/uploads\/2025\/04\/Mus_JK_Babulinka-s1.jpg?fit=849%2C1200&ssl=1&resize=350%2C200","width":350,"height":200,"srcset":"https:\/\/i0.wp.com\/muspot.art\/wp-content\/uploads\/2025\/04\/Mus_JK_Babulinka-s1.jpg?fit=849%2C1200&ssl=1&resize=350%2C200 1x, https:\/\/i0.wp.com\/muspot.art\/wp-content\/uploads\/2025\/04\/Mus_JK_Babulinka-s1.jpg?fit=849%2C1200&ssl=1&resize=525%2C300 1.5x, https:\/\/i0.wp.com\/muspot.art\/wp-content\/uploads\/2025\/04\/Mus_JK_Babulinka-s1.jpg?fit=849%2C1200&ssl=1&resize=700%2C400 2x"},"classes":[]},{"id":2605,"url":"https:\/\/muspot.art\/en\/product\/piosenka-o-zielonookim-sloncu-jan-krutul\/","url_meta":{"origin":2627,"position":4},"title":"Piosenka o Zielonookim S\u0142o\u0144cu &#8211; Jan Krutul","author":"MUSPOT","date":"26 April 2025","format":false,"excerpt":"","rel":"","context":"Similar post","block_context":{"text":"Similar post","link":""},"img":{"alt_text":"","src":"https:\/\/i0.wp.com\/muspot.art\/wp-content\/uploads\/2025\/04\/Piosenka-o-Zielonookim-Sloncu-Jan-Krutul_page-0001.jpg?fit=849%2C1200&ssl=1&resize=350%2C200","width":350,"height":200,"srcset":"https:\/\/i0.wp.com\/muspot.art\/wp-content\/uploads\/2025\/04\/Piosenka-o-Zielonookim-Sloncu-Jan-Krutul_page-0001.jpg?fit=849%2C1200&ssl=1&resize=350%2C200 1x, https:\/\/i0.wp.com\/muspot.art\/wp-content\/uploads\/2025\/04\/Piosenka-o-Zielonookim-Sloncu-Jan-Krutul_page-0001.jpg?fit=849%2C1200&ssl=1&resize=525%2C300 1.5x, https:\/\/i0.wp.com\/muspot.art\/wp-content\/uploads\/2025\/04\/Piosenka-o-Zielonookim-Sloncu-Jan-Krutul_page-0001.jpg?fit=849%2C1200&ssl=1&resize=700%2C400 2x"},"classes":[]},{"id":2632,"url":"https:\/\/muspot.art\/en\/product\/samba-nietoperzy-jan-krutul\/","url_meta":{"origin":2627,"position":5},"title":"Samba nietoperzy &#8211; Jan Krutul","author":"MUSPOT","date":"25 April 2025","format":false,"excerpt":"\"Samba nietoperzy\" to utw\u00f3r Jana Krutula przeznaczony dla ch\u00f3r\u00f3w dzieci\u0119cych dwug\u0142osowych z akompaniamentem fortepianu.","rel":"","context":"Similar post","block_context":{"text":"Similar post","link":""},"img":{"alt_text":"","src":"https:\/\/i0.wp.com\/muspot.art\/wp-content\/uploads\/2025\/04\/Mus-JK-Samba-s1.jpg?fit=849%2C1200&ssl=1&resize=350%2C200","width":350,"height":200,"srcset":"https:\/\/i0.wp.com\/muspot.art\/wp-content\/uploads\/2025\/04\/Mus-JK-Samba-s1.jpg?fit=849%2C1200&ssl=1&resize=350%2C200 1x, https:\/\/i0.wp.com\/muspot.art\/wp-content\/uploads\/2025\/04\/Mus-JK-Samba-s1.jpg?fit=849%2C1200&ssl=1&resize=525%2C300 1.5x, https:\/\/i0.wp.com\/muspot.art\/wp-content\/uploads\/2025\/04\/Mus-JK-Samba-s1.jpg?fit=849%2C1200&ssl=1&resize=700%2C400 2x"},"classes":[]}],"_links":{"self":[{"href":"https:\/\/muspot.art\/en\/wp-json\/wp\/v2\/product\/2627","targetHints":{"allow":["GET"]}}],"collection":[{"href":"https:\/\/muspot.art\/en\/wp-json\/wp\/v2\/product"}],"about":[{"href":"https:\/\/muspot.art\/en\/wp-json\/wp\/v2\/types\/product"}],"wp:featuredmedia":[{"embeddable":true,"href":"https:\/\/muspot.art\/en\/wp-json\/wp\/v2\/media\/2629"}],"wp:attachment":[{"href":"https:\/\/muspot.art\/en\/wp-json\/wp\/v2\/media?parent=2627"}],"wp:term":[{"taxonomy":"product_brand","embeddable":true,"href":"https:\/\/muspot.art\/en\/wp-json\/wp\/v2\/product_brand?post=2627"},{"taxonomy":"product_cat","embeddable":true,"href":"https:\/\/muspot.art\/en\/wp-json\/wp\/v2\/product_cat?post=2627"},{"taxonomy":"product_tag","embeddable":true,"href":"https:\/\/muspot.art\/en\/wp-json\/wp\/v2\/product_tag?post=2627"}],"curies":[{"name":"wp","href":"https:\/\/api.w.org\/{rel}","templated":true}]}}

"Tuimbe pamoja!" to utwór Jana Krutula przeznaczony na chór w języku suahili. Utwór można wykonać z towarzyszeniem fortepianu lub a cappella. Można włączyć w wykonanie bęben afrykański. Utwór można wykonać z ruchem. W wersji na chór dwugłosowy lub trzygłosowy jednorodny (głos trzeci jest głosem dodatkowym ad libitum), a także w…

Miała babulinka koziołecka &#8211; Jan Krutul

Piosenka o Zielonookim Słońcu &#8211; Jan Krutul

"Samba nietoperzy" to utwór Jana Krutula przeznaczony dla chórów dziecięcych dwugłosowych z akompaniamentem fortepianu.
